{"id":347,"date":"2024-11-14T12:21:31","date_gmt":"2024-11-14T12:21:31","guid":{"rendered":"https:\/\/petanqueleague.com\/?page_id=347"},"modified":"2024-11-18T11:11:33","modified_gmt":"2024-11-18T11:11:33","slug":"bases-legales","status":"publish","type":"page","link":"https:\/\/petanqueleague.com\/index.php\/bases-legales\/","title":{"rendered":"BASES LEGALES SORTEO 10 EUROS"},"content":{"rendered":"\t\t<div data-elementor-type=\"wp-page\" data-elementor-id=\"347\" class=\"elementor elementor-347\" data-elementor-post-type=\"page\">\n\t\t\t\t<div class=\"elementor-element elementor-element-4d47ce9 e-flex e-con-boxed e-con e-parent\" data-id=\"4d47ce9\" data-element_type=\"container\" data-settings=\"{&quot;background_background&quot;:&quot;gradient&quot;}\" data-core-v316-plus=\"true\">\n\t\t\t\t\t<div class=\"e-con-inner\">\n\t\t\t\t<div class=\"elementor-element elementor-element-fb9dfe6 elementor-widget elementor-widget-image\" data-id=\"fb9dfe6\" data-element_type=\"widget\" data-widget_type=\"image.default\">\n\t\t\t\t<div class=\"elementor-widget-container\">\n\t\t\t<style>\/*! elementor - v3.20.0 - 13-03-2024 *\/\n.elementor-widget-image{text-align:center}.elementor-widget-image a{display:inline-block}.elementor-widget-image a img[src$=\".svg\"]{width:48px}.elementor-widget-image img{vertical-align:middle;display:inline-block}<\/style>\t\t\t\t\t\t\t\t\t\t<img decoding=\"async\" width=\"105\" height=\"100\" src=\"https:\/\/petanqueleague.com\/wp-content\/uploads\/2024\/02\/logotipopeq.png\" class=\"attachment-large size-large wp-image-25\" alt=\"\" \/>\t\t\t\t\t\t\t\t\t\t\t\t\t<\/div>\n\t\t\t\t<\/div>\n\t\t\t\t<div class=\"elementor-element elementor-element-9690704 elementor-widget elementor-widget-image\" data-id=\"9690704\" data-element_type=\"widget\" data-widget_type=\"image.default\">\n\t\t\t\t<div class=\"elementor-widget-container\">\n\t\t\t\t\t\t\t\t\t\t\t\t\t<img fetchpriority=\"high\" decoding=\"async\" width=\"617\" height=\"115\" src=\"https:\/\/petanqueleague.com\/wp-content\/uploads\/2024\/02\/textointro.png\" class=\"attachment-full size-full wp-image-49\" alt=\"\" srcset=\"https:\/\/petanqueleague.com\/wp-content\/uploads\/2024\/02\/textointro.png 617w, https:\/\/petanqueleague.com\/wp-content\/uploads\/2024\/02\/textointro-300x56.png 300w\" sizes=\"(max-width: 617px) 100vw, 617px\" \/>\t\t\t\t\t\t\t\t\t\t\t\t\t<\/div>\n\t\t\t\t<\/div>\n\t\t\t\t\t<\/div>\n\t\t\t\t<\/div>\n\t\t<div class=\"elementor-element elementor-element-c0bba0a e-flex e-con-boxed e-con e-parent\" data-id=\"c0bba0a\" data-element_type=\"container\" data-core-v316-plus=\"true\">\n\t\t\t\t\t<div class=\"e-con-inner\">\n\t\t\t\t<div class=\"elementor-element elementor-element-340a5be elementor-widget elementor-widget-heading\" data-id=\"340a5be\" data-element_type=\"widget\" data-widget_type=\"heading.default\">\n\t\t\t\t<div class=\"elementor-widget-container\">\n\t\t\t<style>\/*! elementor - v3.20.0 - 13-03-2024 *\/\n.elementor-heading-title{padding:0;margin:0;line-height:1}.elementor-widget-heading .elementor-heading-title[class*=elementor-size-]>a{color:inherit;font-size:inherit;line-height:inherit}.elementor-widget-heading .elementor-heading-title.elementor-size-small{font-size:15px}.elementor-widget-heading .elementor-heading-title.elementor-size-medium{font-size:19px}.elementor-widget-heading .elementor-heading-title.elementor-size-large{font-size:29px}.elementor-widget-heading .elementor-heading-title.elementor-size-xl{font-size:39px}.elementor-widget-heading .elementor-heading-title.elementor-size-xxl{font-size:59px}<\/style><h2 class=\"elementor-heading-title elementor-size-default\">BASES LEGALES SORTEO 10 EUROS<\/h2>\t\t<\/div>\n\t\t\t\t<\/div>\n\t\t\t\t<div class=\"elementor-element elementor-element-41ba0d6 elementor-widget elementor-widget-text-editor\" data-id=\"41ba0d6\" data-element_type=\"widget\" data-widget_type=\"text-editor.default\">\n\t\t\t\t<div class=\"elementor-widget-container\">\n\t\t\t<style>\/*! elementor - v3.20.0 - 13-03-2024 *\/\n.elementor-widget-text-editor.elementor-drop-cap-view-stacked .elementor-drop-cap{background-color:#69727d;color:#fff}.elementor-widget-text-editor.elementor-drop-cap-view-framed .elementor-drop-cap{color:#69727d;border:3px solid;background-color:transparent}.elementor-widget-text-editor:not(.elementor-drop-cap-view-default) .elementor-drop-cap{margin-top:8px}.elementor-widget-text-editor:not(.elementor-drop-cap-view-default) .elementor-drop-cap-letter{width:1em;height:1em}.elementor-widget-text-editor .elementor-drop-cap{float:left;text-align:center;line-height:1;font-size:50px}.elementor-widget-text-editor .elementor-drop-cap-letter{display:inline-block}<\/style>\t\t\t\t<h2>\u00cdndice<\/h2><ul><li><a href=\"#empresa-organizadora\">1. Empresa Organizadora<\/a><\/li><li><a href=\"#requisitos-participar\">2. Requisitos para participar<\/a><\/li><li><a href=\"#plazo\">3. Plazo<\/a><\/li><li><a href=\"#premio\">4. Premio<\/a><\/li><li><a href=\"#seleccion-ganadores\">5. Selecci\u00f3n de los ganadores<\/a><\/li><li><a href=\"#cesion-imagen\">6. Cesi\u00f3n de imagen<\/a><\/li><li><a href=\"#proteccion-datos\">7. Protecci\u00f3n de datos personales<\/a><\/li><li><a href=\"#reservas-limitaciones\">8. Reservas y limitaciones<\/a><\/li><li><a href=\"#legislacion-jurisdiccion\">9. Legislaci\u00f3n aplicable y jurisdicci\u00f3n<\/a><\/li><\/ul><h2 id=\"empresa-organizadora\" style=\"color: black; font-size: 25px;\">1. Empresa Organizadora<\/h2><p><span dir=\"ltr\" role=\"presentation\">Movilidapp Ib\u00e9rica, S.L. con domicilio social en Mediod\u00eda, 12 Local con CIF n\u00famero B99351314 <\/span><span dir=\"ltr\" role=\"presentation\">(en adelante, referenciada por su propio nombre o como el \u201cOrganizador\u201d), un sorteo exclusivo <\/span><span dir=\"ltr\" role=\"presentation\">10 euros para el ganador del sorteo, que se desarrollar\u00e1 de conformidad con lo establecido en las <\/span><span dir=\"ltr\" role=\"presentation\">presentes Bases Legales.<\/span><\/p><p><br role=\"presentation\" \/><span dir=\"ltr\" role=\"presentation\">Este sorteo ser\u00e1 comunicado v\u00eda mail divulgando las presentes Bases Legales as\u00ed como los <\/span><span dir=\"ltr\" role=\"presentation\">requisitos de participaci\u00f3n, como se detalla en el siguiente apartado.<\/span><\/p><h2 id=\"requisitos-participar\" style=\"color: black; font-size: 25px;\">2. Requisitos para participar<\/h2><p><span dir=\"ltr\" role=\"presentation\">Podr\u00e1n participar en el sorteo todos aquellos usuarios que cumplan correcta y completamente <\/span><span dir=\"ltr\" role=\"presentation\">los siguientes requisitos.<\/span><\/p><ol><li><span dir=\"ltr\" role=\"presentation\">Facilitar a la organizaci\u00f3n su mail de contacto (e puede hacer desde el perfil del<\/span><br role=\"presentation\" \/><span dir=\"ltr\" role=\"presentation\">usuario en el juego).<\/span><\/li><li><span dir=\"ltr\" role=\"presentation\">Jugar al Lucky Shot.<\/span><\/li><\/ol><p>\u00a0<\/p><p><span dir=\"ltr\" role=\"presentation\">El no cumplimiento de alguno de los requisitos detallados implicar\u00e1 la no participaci\u00f3n. La <\/span><span dir=\"ltr\" role=\"presentation\">participaci\u00f3n en el sorteo es gratuita e implica la aceptaci\u00f3n de las presentes Bases Legales.<\/span><\/p><h2 id=\"plazo\" style=\"color: black; font-size: 25px;\">3. Plazo<\/h2><p><span dir=\"ltr\" role=\"presentation\">El plazo para participar es del 1 al 30\/31 de cada mes durante todos los meses hasta el 31 de <\/span><span dir=\"ltr\" role=\"presentation\">diciembre de 2025. Todas las participaciones que se encuentren fuera de este plazo se <\/span><span dir=\"ltr\" role=\"presentation\">considerar\u00e1n no v\u00e1lidas.<\/span><\/p><h2 id=\"premio\" style=\"color: black; font-size: 25px;\">4. Premio<\/h2><p><span dir=\"ltr\" role=\"presentation\">El premio consistir\u00e1 en 10 euros para el ganador que se abonar\u00e1n a trav\u00e9s de transferencia <\/span><span dir=\"ltr\" role=\"presentation\">bancaria al n\u00famero de cuenta que nos facilite.<\/span><br role=\"presentation\" \/><span dir=\"ltr\" role=\"presentation\">El Organizador se reserva el derecho a cambiar el premio especificado en las presentes Bases <\/span><span dir=\"ltr\" role=\"presentation\">Legales en caso de que no sea posible, por motivos ajenos al mismo. En este caso, el Organizador <\/span><span dir=\"ltr\" role=\"presentation\">se compromete a que el premio sea de iguales o similares caracter\u00edsticas a las del premio <\/span><span dir=\"ltr\" role=\"presentation\">anunciado y\/o a que su valor econ\u00f3mico sea superior o igual al del premio anunciado.<\/span><\/p><h2 id=\"seleccion-ganadores\" style=\"color: black; font-size: 25px;\">5. Selecci\u00f3n de los ganadores<\/h2><p>El d\u00eda 1 del mes siguiente a la finalizaci\u00f3n del concurso se seleccionar\u00e1 al participante que haya primero en ranking del juego.<\/p><p>La comunicaci\u00f3n de los ganadores del Sorteo la realizar\u00e1 el Organizadora trav\u00e9s de la cuenta del mail del ganador. Posteriormente el Organizador se pondr\u00e1 en contacto con el ganador para solicitar informaci\u00f3n personal de contacto al objeto de hacerle llegar el premio.<\/p><p>En el caso de que no fuera posible localizar al ganador en un plazo de tres (3) d\u00edas naturales desde el primer intento de contacto, o \u00e9ste renunciase al premio, se proceder\u00e1 a seleccionar a un nuevo ganador, perdiendo el anterior ganador su derecho a reclamar el premio. En caso de que tampoco se localice al siguiente ganador en el plazo de tres (3) d\u00edas naturales, el premio quedar\u00e1 desierto.<\/p><p>En caso de que el ganador renuncie al premio, no existir\u00e1 compensaci\u00f3n alguna del mismo.<\/p><h2 id=\"cesion-imagen\" style=\"color: black; font-size: 25px;\">6. Cesi\u00f3n de imagen<\/h2><p>Los participantes agraciados en el Sorteo y la aceptaci\u00f3n del premio implica el otorgamiento expreso al Organizador para captar su imagen a trav\u00e9s de las fotograf\u00edas que pudieran realizarse por personal del Organizador, en el momento de entrega del premio para su uso publicitario, as\u00ed como publicar su nombre, apellidos e imagen en la p\u00e1gina web y redes sociales del Organizador o en cualquier otro canal oficial de comunicaci\u00f3n de la marca, para todo el territorio del mundo y por tiempo indefinido, renunciando los participantes agraciados a cualquier remuneraci\u00f3n adicional al premio ni\/o reclamaci\u00f3n bajo ning\u00fan concepto.<\/p><p>Todos los participantes manifiestan que ostentan todos los derechos y legitimaci\u00f3n necesaria para el otorgamiento de las presentes cesiones y autorizaciones, respondiendo ante cualquier reclamaci\u00f3n de terceros que el Organizador pueda recibir relativa al uso del nombre, apellidos e imagen aqu\u00ed autorizado.<\/p><h2 id=\"proteccion-datos\" style=\"color: black; font-size: 25px;\">7. Protecci\u00f3n de datos personales<\/h2><p>La participaci\u00f3n en el Sorteo conlleva la aceptaci\u00f3n de las presentes Bases Legales y la Pol\u00edtica de Protecci\u00f3n de Datos del Organizador, seg\u00fan la cual:<\/p><ol><li><u>Responsable del tratamiento:<\/u> Sus datos personales ser\u00e1n tratados por Movilidapp Ib\u00e9rica, S.L. CIF: B99351314, con domicilio social en Calle Mediod\u00eda, 12 de Zaragoza.<\/li><li><u>Finalidades: <\/u><ul><li>Gestionar el Sorteo.<\/li><li>Enviar informaci\u00f3n comercial de nuestras actividades y servicios, inclusive por medios electr\u00f3nicos.<\/li><\/ul><\/li><li><u>Legitimaci\u00f3n: <\/u>La base legitimadora para realizar dichos tratamientos es el consentimiento otorgado por el participante en el momento de rellenar el formulario de suscripci\u00f3n aceptando la participaci\u00f3n en el Sorteo.<\/li><li><u>Datos tratados<\/u>: Los datos tratados por el responsable son los datos facilitados por el participante durante la suscripci\u00f3n u otros que, adicionalmente, podamos solicitar para el desarrollo de las finalidades mencionadas.<\/li><li><u>Conservaci\u00f3n de los datos: <\/u>Los datos ser\u00e1n conservados para el env\u00edo de newsletters e informaci\u00f3n comercial de nuestras actividades y servicios durante el tiempo que el suscriptor lo desee, ya que puede revocar su consentimiento en cualquier momento enviando un correo electr\u00f3nico a la siguiente direcci\u00f3n info@petanqueleague.com.<\/li><li><u>Derechos<\/u>: Los participantes tendr\u00e1n derecho a ejercitar gratuitamente los derechos de acceso, rectificaci\u00f3n, supresi\u00f3n, portabilidad, limitaci\u00f3n y oposici\u00f3n al tratamiento de sus datos, en cualquier momento mediante solicitud escrita y firmada, acompa\u00f1ada de copia de su DNI o documento equivalente que acredite su identidad, dirigida a la siguiente direcci\u00f3n Movilidapp Ib\u00e9rica, S.L. (Att. Privacidad) Mediod\u00eda, 12 local o mediante correo electr\u00f3nico a info@petanqueleague.com. La revocaci\u00f3n del consentimiento o la oposici\u00f3n al tratamiento de datos personales con car\u00e1cter previo a la realizaci\u00f3n del Sorteo conllevar\u00e1 la no participaci\u00f3n en el mismo.<p>Asimismo, tiene derecho a presentar una reclamaci\u00f3n ante la Agencia Espa\u00f1ola de Protecci\u00f3n de Datos en caso de considerar que el Organizador no ha atendido correctamente sus derechos o ha vulnerado la normativa aplicable en materia de protecci\u00f3n de datos personales.<\/p><\/li><li><u>Destinatarios de datos<\/u>: los datos personales de los participantes no ser\u00e1n comunicados a terceros, a excepci\u00f3n de las Administraciones p\u00fablicas y otros organismos legales en el ejercicio de sus competencias si as\u00ed lo requieren al Organizador. El Organizador podr\u00e1 dar acceso a sus datos personales a terceros, si ello fuese necesario para la correcta ejecuci\u00f3n y desarrollo del Sorteo y las finalidades de tratamiento identificadas en esta cl\u00e1usula.\u00a0<\/li><li><u>Transferencias Internacionales de datos: <\/u>no se realizar\u00e1n transferencias internacionales de datos.<\/li><\/ol><h2 id=\"reservas-limitaciones\" style=\"color: black; font-size: 25px;\">8. Reservas y limitaciones<\/h2><p>La participaci\u00f3n en el Sorteo implica la aceptaci\u00f3n \u00edntegra de las presentes Bases Legales.<\/p><p>El Organizador se reserva el derecho de modificar o ampliar estas Bases Legales, en la medida que no perjudique o menoscabe los derechos de los Participantes en el Sorteo. Las nuevas bases ser\u00e1n difundidas a trav\u00e9s de los mismos medios en los que originalmente se difundieron, incluyendo, si resultase necesario, aclaraciones o modificaciones que no alteren el esp\u00edritu del Sorteo.<\/p><p>El Organizador queda eximido de cualquier responsabilidad en el supuesto de existir alg\u00fan error en los datos facilitados por el agraciado que impidiera su identificaci\u00f3n as\u00ed como de cualquier responsabilidad por da\u00f1os y perjuicios de toda naturaleza que puedan deberse a la falta temporal de disponibilidad o de continuidad del funcionamiento de la p\u00e1gina web mediante los que se participa en el Sorteo.<\/p><h2 id=\"legislacion-jurisdiccion\" style=\"color: black; font-size: 25px;\">9. Legislaci\u00f3n aplicable y jurisdicci\u00f3n<\/h2><p>Estas Bases Legales se regir\u00e1n de conformidad con la ley. Ser\u00e1n competentes para resolver cualquier reclamaci\u00f3n o controversia que pudiera plantearse en relaci\u00f3n con la validez, interpretaci\u00f3n o cumplimiento de estas bases los Juzgados y Tribunales de la ciudad de Zaragoza.<\/p>\t\t\t\t\t\t<\/div>\n\t\t\t\t<\/div>\n\t\t\t\t\t<\/div>\n\t\t\t\t<\/div>\n\t\t\t\t<\/div>\n\t\t","protected":false},"excerpt":{"rendered":"<p>BASES LEGALES SORTEO 10 EUROS \u00cdndice 1. Empresa Organizadora 2. Requisitos para participar 3. Plazo 4. Premio 5. Selecci\u00f3n de los ganadores 6. Cesi\u00f3n de imagen 7. Protecci\u00f3n de datos personales 8. Reservas y limitaciones 9. Legislaci\u00f3n aplicable y jurisdicci\u00f3n 1. Empresa Organizadora Movilidapp Ib\u00e9rica, S.L. con domicilio social en Mediod\u00eda, 12 Local con CIF [&hellip;]<\/p>\n","protected":false},"author":1,"featured_media":0,"parent":0,"menu_order":0,"comment_status":"closed","ping_status":"closed","template":"elementor_canvas","meta":{"footnotes":""},"_links":{"self":[{"href":"https:\/\/petanqueleague.com\/index.php\/wp-json\/wp\/v2\/pages\/347"}],"collection":[{"href":"https:\/\/petanqueleague.com\/index.php\/wp-json\/wp\/v2\/pages"}],"about":[{"href":"https:\/\/petanqueleague.com\/index.php\/wp-json\/wp\/v2\/types\/page"}],"author":[{"embeddable":true,"href":"https:\/\/petanqueleague.com\/index.php\/wp-json\/wp\/v2\/users\/1"}],"replies":[{"embeddable":true,"href":"https:\/\/petanqueleague.com\/index.php\/wp-json\/wp\/v2\/comments?post=347"}],"version-history":[{"count":10,"href":"https:\/\/petanqueleague.com\/index.php\/wp-json\/wp\/v2\/pages\/347\/revisions"}],"predecessor-version":[{"id":362,"href":"https:\/\/petanqueleague.com\/index.php\/wp-json\/wp\/v2\/pages\/347\/revisions\/362"}],"wp:attachment":[{"href":"https:\/\/petanqueleague.com\/index.php\/wp-json\/wp\/v2\/media?parent=347"}],"curies":[{"name":"wp","href":"https:\/\/api.w.org\/{rel}","templated":true}]}}